{"id":263,"date":"2021-11-15T15:41:13","date_gmt":"2021-11-15T15:41:13","guid":{"rendered":"https:\/\/promintra.eu\/?page_id=263"},"modified":"2021-11-15T15:41:14","modified_gmt":"2021-11-15T15:41:14","slug":"importacio","status":"publish","type":"page","link":"https:\/\/promintra.eu\/index.php\/ca\/importacio","title":{"rendered":"IMPORTACI\u00d3"},"content":{"rendered":"\n<p>Des dels anys 80 Promintra ja va comen\u00e7ar amb la importaci\u00f3 de m\u00e0quines de neteja des d&#8217;It\u00e0lia, per\u00f2 amb l&#8217;entrada d&#8217;un dels socis actuals en l&#8217;any 1992, aquesta \u00e0rea va comen\u00e7ar a agafar m\u00e9s forma. Avui dia Promintra \u00e9s coneguda a tota Espanya, ja sigui sota el nom de l&#8217;empresa o sota el nom comercial \u201cMenaje.net\u201d, com a prove\u00efdor de confian\u00e7a a nivell d&#8217;articles de parament de cuina, parament de casa, petits electrodom\u00e8stics i articles per a promocions. En els diferents cat\u00e0legs dels fabricants amb els quals Promintra treballa a Espanya en exclusiva, hi ha un total de m\u00e9s de 13.000 articles.<\/p>\n\n\n\n<p>Els articles en la gamma parament de cuina (bateries, coberteries, ganivets i altres utensilis) normalment estan disponibles immediatament des del nostre magatzem per a un servei en 24 hores. Els altres articles els servim en moltes ocasions directament des dels nostres magatzems al nord d&#8217;Europa. Per a la tranquil\u00b7litat dels clients i perqu\u00e8 tinguin sempre preus de transport molt competitius, sempre s&#8217;ofereix un servei porta-a-porta i un temps de lliurament de menys d&#8217;una setmana.<\/p>\n\n\n\n<p>Tots els articles que Promintra comercialitza, tenen una mica en com\u00fa: Tots ells tenen la millor relaci\u00f3 qualitat\/preu que es pot trobar en el conjunt del mercat espanyol. \u00c9s per aquesta ra\u00f3 que ja durant anys el nostre esl\u00f2gan \u00e9s\u2026 \u201cEl millor parament al millor preu\u201d.<\/p>\n\n\n\n<p>Els articles m\u00e9s venuts i m\u00e9s atractius es poden trobar en els nostres <a href=\"http:\/\/www.menaje.net\" data-type=\"URL\" data-id=\"http:\/\/www.menaje.net\">cat\u00e0legs<\/a> on-line<\/p>\n","protected":false},"excerpt":{"rendered":"<p>Des dels anys 80 Promintra ja va comen\u00e7ar amb la importaci\u00f3 de m\u00e0quines de neteja des d&#8217;It\u00e0lia, per\u00f2 amb l&#8217;entrada d&#8217;un dels socis actuals en l&#8217;any 1992, aquesta \u00e0rea va comen\u00e7ar a agafar m\u00e9s forma. Avui dia Promintra \u00e9s coneguda a tota Espanya, ja sigui sota el nom de l&#8217;empresa o sota el nom comercial &hellip; <a href=\"https:\/\/promintra.eu\/index.php\/ca\/importacio\" class=\"more-link\">Seguir leyendo <span class=\"screen-reader-text\">IMPORTACI\u00d3<\/span> <span class=\"meta-nav\">&rarr;<\/span><\/a><\/p>\n","protected":false},"author":1,"featured_media":0,"parent":0,"menu_order":0,"comment_status":"closed","ping_status":"closed","template":"","meta":{"footnotes":""},"class_list":["post-263","page","type-page","status-publish","hentry"],"_links":{"self":[{"href":"https:\/\/promintra.eu\/index.php\/wp-json\/wp\/v2\/pages\/263","targetHints":{"allow":["GET"]}}],"collection":[{"href":"https:\/\/promintra.eu\/index.php\/wp-json\/wp\/v2\/pages"}],"about":[{"href":"https:\/\/promintra.eu\/index.php\/wp-json\/wp\/v2\/types\/page"}],"author":[{"embeddable":true,"href":"https:\/\/promintra.eu\/index.php\/wp-json\/wp\/v2\/users\/1"}],"replies":[{"embeddable":true,"href":"https:\/\/promintra.eu\/index.php\/wp-json\/wp\/v2\/comments?post=263"}],"version-history":[{"count":1,"href":"https:\/\/promintra.eu\/index.php\/wp-json\/wp\/v2\/pages\/263\/revisions"}],"predecessor-version":[{"id":264,"href":"https:\/\/promintra.eu\/index.php\/wp-json\/wp\/v2\/pages\/263\/revisions\/264"}],"wp:attachment":[{"href":"https:\/\/promintra.eu\/index.php\/wp-json\/wp\/v2\/media?parent=263"}],"curies":[{"name":"wp","href":"https:\/\/api.w.org\/{rel}","templated":true}]}}

IMPORTACIÓ

<p>Des dels anys 80 Promintra ja va començar amb la importació de màquines de neteja des d&#8217;Itàlia, però amb l&#8217;entrada d&#8217;un dels socis actuals en l&#8217;any 1992, aquesta àrea va començar a agafar més forma. Avui dia Promintra és coneguda a tota Espanya, ja sigui sota el nom de l&#8217;empresa o sota el nom comercial “Menaje.net”, com a proveïdor de confiança a nivell d&#8217;articles de parament de cuina, parament de casa, petits electrodomèstics i articles per a promocions. En els diferents catàlegs dels fabricants amb els quals Promintra treballa a Espanya en exclusiva, hi ha un total de més de 13.000 articles.</p>



<p>Els articles en la gamma parament de cuina (bateries, coberteries, ganivets i altres utensilis) normalment estan disponibles immediatament des del nostre magatzem per a un servei en 24 hores. Els altres articles els servim en moltes ocasions directament des dels nostres magatzems al nord d&#8217;Europa. Per a la tranquil·litat dels clients i perquè tinguin sempre preus de transport molt competitius, sempre s&#8217;ofereix un servei porta-a-porta i un temps de lliurament de menys d&#8217;una setmana.</p>



<p>Tots els articles que Promintra comercialitza, tenen una mica en comú: Tots ells tenen la millor relació qualitat/preu que es pot trobar en el conjunt del mercat espanyol. És per aquesta raó que ja durant anys el nostre eslògan és… “El millor parament al millor preu”.</p>



<p>Els articles més venuts i més atractius es poden trobar en els nostres <a href="http://www.menaje.net" data-type="URL" data-id="http://www.menaje.net">catàlegs</a> on-line</p>

<p>Des dels anys 80 Promintra ja va començar amb la importació de màquines de neteja des d&#8217;Itàlia, però amb l&#8217;entrada d&#8217;un dels socis actuals en l&#8217;any 1992, aquesta àrea va començar a agafar més forma. Avui dia Promintra és coneguda a tota Espanya, ja sigui sota el nom de l&#8217;empresa o sota el nom comercial &hellip; <a href="https://promintra.eu/index.php/ca/importacio" class="more-link">Seguir leyendo <span class="screen-reader-text">IMPORTACIÓ</span> <span class="meta-nav">&rarr;</span></a></p>
