{"id":247,"date":"2021-11-15T15:26:50","date_gmt":"2021-11-15T15:26:50","guid":{"rendered":"https:\/\/promintra.eu\/?page_id=247"},"modified":"2021-11-17T11:19:11","modified_gmt":"2021-11-17T11:19:11","slug":"agents-comercials-per-a-empresas-de-tot-el-mon","status":"publish","type":"page","link":"https:\/\/promintra.eu\/index.php\/ca\/agents-comercials-per-a-empresas-de-tot-el-mon","title":{"rendered":"AGENTS COMERCIALS PER A EMPRESAS DE TOT EL MON"},"content":{"rendered":"\n<div class=\"wp-block-cover has-background-dim\" style=\"min-height:272px;aspect-ratio:unset;\"><img loading=\"lazy\" decoding=\"async\" width=\"780\" height=\"497\" class=\"wp-block-cover__image-background wp-image-84\" alt=\"\" src=\"https:\/\/promintra.eu\/wp-content\/uploads\/2021\/11\/prueba1-1.jpg\" data-object-fit=\"cover\" srcset=\"https:\/\/promintra.eu\/wp-content\/uploads\/2021\/11\/prueba1-1.jpg 780w, https:\/\/promintra.eu\/wp-content\/uploads\/2021\/11\/prueba1-1-300x191.jpg 300w, https:\/\/promintra.eu\/wp-content\/uploads\/2021\/11\/prueba1-1-768x489.jpg 768w, https:\/\/promintra.eu\/wp-content\/uploads\/2021\/11\/prueba1-1-700x446.jpg 700w, https:\/\/promintra.eu\/wp-content\/uploads\/2021\/11\/prueba1-1-628x400.jpg 628w\" sizes=\"auto, (max-width: 780px) 100vw, 780px\" \/><div class=\"wp-block-cover__inner-container is-layout-flow wp-block-cover-is-layout-flow\">\n<p class=\"has-text-align-center has-medium-font-size\">Et donem la benvinguda a la nova pagina web de promintra <\/p>\n\n\n\n<div class=\"wp-block-buttons is-content-justification-center is-layout-flex wp-block-buttons-is-layout-flex\">\n<div class=\"wp-block-button has-custom-font-size\" style=\"font-size:12px\"><a class=\"wp-block-button__link\" href=\"https:\/\/promintra.eu\/index.php\/ca\/historia-de-la-companyia\">M\u00e9s informaci\u00f3<\/a><\/div>\n<\/div>\n<\/div><\/div>\n\n\n\n<h2 class=\"has-text-align-center has-black-color has-text-color wp-block-heading\">AGENTS COMERCIALS PER A EMPRESAS DE TOT EL MON<\/h2>\n\n\n\n<p class=\"has-text-align-left has-black-color has-cyan-bluish-gray-background-color has-text-color has-background\">Promintra \u00e9s una empresa espanyola din\u00e0mica i professional dedicada a la representaci\u00f3 d&#8217;empreses d&#8217;arreu del m\u00f3n, la qual ofereix els seus serveis internacionals de promoci\u00f3 de productes als mercats espanyol i su\u00eds, respectivament.<\/p>\n\n\n\n<p class=\"has-text-align-left has-black-color has-cyan-bluish-gray-background-color has-text-color has-background\">Disposem d&#8217;un radi d&#8217;acci\u00f3 molt ampli en tots dos pa\u00efsos. Gr\u00e0cies als amplis coneixements dels mercats que treballem, podem dissenyar, plantejar i dur a terme estrat\u00e8gies comercials d&#8217;\u00e8xit per als productes de les nostres representades. En comptar amb m\u00e9s de quaranta anys d&#8217;experi\u00e8ncia, posse\u00efm una posici\u00f3 privilegiada als mercats a l&#8217;hora de reaccionar davant els canvis i necessitats dels mateixos, conferint aix\u00ed un important valor afegit als serveis de promoci\u00f3 de productes que oferim als nostres clients.<\/p>\n\n\n\n<p class=\"has-text-align-left has-black-color has-cyan-bluish-gray-background-color has-text-color has-background\">Si vost\u00e8 est\u00e0 interessat que Promintra representi la seva marca a Espanya o Su\u00efssa, per favor contacti&#8217;ns i estudiarem el seu cas gratis i sense cap comprom\u00eds.<\/p>\n","protected":false},"excerpt":{"rendered":"<p>AGENTS COMERCIALS PER A EMPRESAS DE TOT EL MON Promintra \u00e9s una empresa espanyola din\u00e0mica i professional dedicada a la representaci\u00f3 d&#8217;empreses d&#8217;arreu del m\u00f3n, la qual ofereix els seus serveis internacionals de promoci\u00f3 de productes als mercats espanyol i su\u00eds, respectivament. Disposem d&#8217;un radi d&#8217;acci\u00f3 molt ampli en tots dos pa\u00efsos. Gr\u00e0cies als amplis &hellip; <a href=\"https:\/\/promintra.eu\/index.php\/ca\/agents-comercials-per-a-empresas-de-tot-el-mon\" class=\"more-link\">Seguir leyendo <span class=\"screen-reader-text\">AGENTS COMERCIALS PER A EMPRESAS DE TOT EL MON<\/span> <span class=\"meta-nav\">&rarr;<\/span><\/a><\/p>\n","protected":false},"author":1,"featured_media":0,"parent":0,"menu_order":1,"comment_status":"closed","ping_status":"closed","template":"","meta":{"footnotes":""},"class_list":["post-247","page","type-page","status-publish","hentry"],"_links":{"self":[{"href":"https:\/\/promintra.eu\/index.php\/wp-json\/wp\/v2\/pages\/247","targetHints":{"allow":["GET"]}}],"collection":[{"href":"https:\/\/promintra.eu\/index.php\/wp-json\/wp\/v2\/pages"}],"about":[{"href":"https:\/\/promintra.eu\/index.php\/wp-json\/wp\/v2\/types\/page"}],"author":[{"embeddable":true,"href":"https:\/\/promintra.eu\/index.php\/wp-json\/wp\/v2\/users\/1"}],"replies":[{"embeddable":true,"href":"https:\/\/promintra.eu\/index.php\/wp-json\/wp\/v2\/comments?post=247"}],"version-history":[{"count":4,"href":"https:\/\/promintra.eu\/index.php\/wp-json\/wp\/v2\/pages\/247\/revisions"}],"predecessor-version":[{"id":284,"href":"https:\/\/promintra.eu\/index.php\/wp-json\/wp\/v2\/pages\/247\/revisions\/284"}],"wp:attachment":[{"href":"https:\/\/promintra.eu\/index.php\/wp-json\/wp\/v2\/media?parent=247"}],"curies":[{"name":"wp","href":"https:\/\/api.w.org\/{rel}","templated":true}]}}

<div class="wp-block-cover has-background-dim" style="min-height:272px;aspect-ratio:unset;"><img loading="lazy" decoding="async" width="780" height="497" class="wp-block-cover__image-background wp-image-84" alt="" src="https://promintra.eu/wp-content/uploads/2021/11/prueba1-1.jpg" data-object-fit="cover" srcset="https://promintra.eu/wp-content/uploads/2021/11/prueba1-1.jpg 780w, https://promintra.eu/wp-content/uploads/2021/11/prueba1-1-300x191.jpg 300w, https://promintra.eu/wp-content/uploads/2021/11/prueba1-1-768x489.jpg 768w, https://promintra.eu/wp-content/uploads/2021/11/prueba1-1-700x446.jpg 700w, https://promintra.eu/wp-content/uploads/2021/11/prueba1-1-628x400.jpg 628w" sizes="auto, (max-width: 780px) 100vw, 780px" /><div class="wp-block-cover__inner-container is-layout-flow wp-block-cover-is-layout-flow">
<p class="has-text-align-center has-medium-font-size">Et donem la benvinguda a la nova pagina web de promintra </p>



<div class="wp-block-buttons is-content-justification-center is-layout-flex wp-block-buttons-is-layout-flex">
<div class="wp-block-button has-custom-font-size" style="font-size:12px"><a class="wp-block-button__link" href="https://promintra.eu/index.php/ca/historia-de-la-companyia">Més informació</a></div>
</div>
</div></div>



<h2 class="has-text-align-center has-black-color has-text-color wp-block-heading">AGENTS COMERCIALS PER A EMPRESAS DE TOT EL MON</h2>



<p class="has-text-align-left has-black-color has-cyan-bluish-gray-background-color has-text-color has-background">Promintra és una empresa espanyola dinàmica i professional dedicada a la representació d&#8217;empreses d&#8217;arreu del món, la qual ofereix els seus serveis internacionals de promoció de productes als mercats espanyol i suís, respectivament.</p>



<p class="has-text-align-left has-black-color has-cyan-bluish-gray-background-color has-text-color has-background">Disposem d&#8217;un radi d&#8217;acció molt ampli en tots dos països. Gràcies als amplis coneixements dels mercats que treballem, podem dissenyar, plantejar i dur a terme estratègies comercials d&#8217;èxit per als productes de les nostres representades. En comptar amb més de quaranta anys d&#8217;experiència, posseïm una posició privilegiada als mercats a l&#8217;hora de reaccionar davant els canvis i necessitats dels mateixos, conferint així un important valor afegit als serveis de promoció de productes que oferim als nostres clients.</p>



<p class="has-text-align-left has-black-color has-cyan-bluish-gray-background-color has-text-color has-background">Si vostè està interessat que Promintra representi la seva marca a Espanya o Suïssa, per favor contacti&#8217;ns i estudiarem el seu cas gratis i sense cap compromís.</p>

<p>AGENTS COMERCIALS PER A EMPRESAS DE TOT EL MON Promintra és una empresa espanyola dinàmica i professional dedicada a la representació d&#8217;empreses d&#8217;arreu del món, la qual ofereix els seus serveis internacionals de promoció de productes als mercats espanyol i suís, respectivament. Disposem d&#8217;un radi d&#8217;acció molt ampli en tots dos països. Gràcies als amplis &hellip; <a href="https://promintra.eu/index.php/ca/agents-comercials-per-a-empresas-de-tot-el-mon" class="more-link">Seguir leyendo <span class="screen-reader-text">AGENTS COMERCIALS PER A EMPRESAS DE TOT EL MON</span> <span class="meta-nav">&rarr;</span></a></p>
